{"id":166,"date":"2025-04-03T19:11:07","date_gmt":"2025-04-03T17:11:07","guid":{"rendered":"https:\/\/www.fontun.com\/?page_id=166"},"modified":"2025-04-03T19:11:07","modified_gmt":"2025-04-03T17:11:07","slug":"recuperacion-de-datos","status":"publish","type":"page","link":"https:\/\/www.fontun.com\/index.php\/recuperacion-de-datos\/","title":{"rendered":"Recuperaci\u00f3n de datos"},"content":{"rendered":"\n<div class=\"wp-block-group alignfull has-background is-layout-flow wp-block-group-is-layout-flow\" style=\"background-color:#f5eac1;padding-top:6vw;padding-right:6vw;padding-bottom:6vw;padding-left:6vw\">\n<div class=\"wp-block-group is-vertical is-nowrap is-layout-flex wp-container-core-group-is-layout-36fd9ea3 wp-block-group-is-layout-flex\" style=\"padding-right:0;padding-left:0\">\n<h6 class=\"wp-block-heading has-text-color\" id=\"ecosystem\" style=\"color:#000000;font-size:16px\">Preservando Recuerdos y Tomando Decisiones Clave<\/h6>\n\n\n\n<p class=\"has-text-color\" style=\"color:#000000;font-size:6vw;font-style:normal;font-weight:700;letter-spacing:0px;line-height:0.9;text-decoration:none;text-transform:none\">Recuperaci\u00f3n de Datos<\/p>\n\n\n\n<p class=\"has-text-color\" style=\"color:#000000;font-size:17px\">En un mundo cada vez m\u00e1s digital, nuestros datos se han convertido en una parte esencial de nuestras vidas, tanto a nivel personal como profesional. La p\u00e9rdida de informaci\u00f3n puede ser devastadora, pero el servicio de recuperaci\u00f3n de datos se presenta como una soluci\u00f3n vital. En este art\u00edculo, exploraremos por qu\u00e9 es crucial contar con este servicio, tanto para particulares como para empresas.<\/p>\n<\/div>\n\n\n\n<div style=\"height:1vw\" aria-hidden=\"true\" class=\"wp-block-spacer\"><\/div>\n\n\n\n<div class=\"wp-block-group alignwide is-vertical is-nowrap is-layout-flex wp-container-core-group-is-layout-7946b6b8 wp-block-group-is-layout-flex\" style=\"padding-top:0;padding-right:0;padding-bottom:0;padding-left:0\">\n<div class=\"wp-block-columns alignwide is-layout-flex wp-container-core-columns-is-layout-21b20327 wp-block-columns-is-layout-flex\">\n<div class=\"wp-block-column is-layout-flow wp-block-column-is-layout-flow\" style=\"flex-basis:33.38%\">\n<h4 class=\"wp-block-heading\">Para Empresas: <\/h4>\n\n\n\n<p>Preservar Datos, Preservar el Futuro<\/p>\n\n\n\n<p class=\"has-text-color\" style=\"color:#000000;font-size:17px\">Las empresas dependen de datos para tomar decisiones informadas y estrat\u00e9gicas. La informaci\u00f3n sobre clientes, ventas y operaciones no solo es valiosa, sino que tambi\u00e9n es fundamental para el cumplimiento legal. La p\u00e9rdida de datos puede resultar en sanciones, demandas y una reputaci\u00f3n da\u00f1ada. Adem\u00e1s, los datos bien gestionados permiten a las empresas identificar tendencias, optimizar procesos y, en \u00faltima instancia, aumentar sus ingresos. Invertir en un servicio de recuperaci\u00f3n de datos no solo es una medida de seguridad, sino una estrategia inteligente para proteger el futuro de la empresa.<\/p>\n<\/div>\n\n\n\n<div class=\"wp-block-column is-layout-flow wp-block-column-is-layout-flow\" style=\"flex-basis:33%\">\n<div style=\"height:2vw\" aria-hidden=\"true\" class=\"wp-block-spacer\"><\/div>\n\n\n\n<figure class=\"wp-block-image size-large\"><img fetchpriority=\"high\" decoding=\"async\" width=\"768\" height=\"1024\" src=\"https:\/\/www.fontun.com\/wp-content\/uploads\/2025\/04\/matheus-viana-0xpwY5EUZkk-unsplash-768x1024.jpg\" alt=\"\" class=\"wp-image-169\" srcset=\"https:\/\/www.fontun.com\/wp-content\/uploads\/2025\/04\/matheus-viana-0xpwY5EUZkk-unsplash-768x1024.jpg 768w, https:\/\/www.fontun.com\/wp-content\/uploads\/2025\/04\/matheus-viana-0xpwY5EUZkk-unsplash-225x300.jpg 225w, https:\/\/www.fontun.com\/wp-content\/uploads\/2025\/04\/matheus-viana-0xpwY5EUZkk-unsplash-1152x1536.jpg 1152w, https:\/\/www.fontun.com\/wp-content\/uploads\/2025\/04\/matheus-viana-0xpwY5EUZkk-unsplash-1536x2048.jpg 1536w, https:\/\/www.fontun.com\/wp-content\/uploads\/2025\/04\/matheus-viana-0xpwY5EUZkk-unsplash-scaled.jpg 1920w\" sizes=\"(max-width: 768px) 100vw, 768px\" \/><\/figure>\n<\/div>\n\n\n\n<div class=\"wp-block-column is-layout-flow wp-block-column-is-layout-flow\" style=\"flex-basis:33.62%\">\n<h4 class=\"wp-block-heading\">Para Particulares: <\/h4>\n\n\n\n<p>Recuerdos que Importan<\/p>\n\n\n\n<p><br>Para los particulares, los datos son mucho m\u00e1s que n\u00fameros y archivos; son recuerdos, momentos y experiencias que atesoramos. Desde fotos familiares hasta documentos importantes, la p\u00e9rdida de estos datos puede ser emocionalmente devastadora. La recuperaci\u00f3n de datos se convierte en una forma de rescatar esos recuerdos queridos y preservar la historia personal. Cada foto perdida es un momento que no se puede volver a vivir, y cada documento importante puede ser la clave para resolver situaciones futuras. Por eso, contar con un servicio de recuperaci\u00f3n de datos es esencial para proteger lo que m\u00e1s valoramos.<\/p>\n<\/div>\n<\/div>\n\n\n\n<div class=\"wp-block-columns alignwide is-layout-flex wp-container-core-columns-is-layout-c24efe4f wp-block-columns-is-layout-flex\">\n<div class=\"wp-block-column is-layout-flow wp-block-column-is-layout-flow\" style=\"flex-basis:69%\">\n<div style=\"height:2vw\" aria-hidden=\"true\" class=\"wp-block-spacer\"><\/div>\n\n\n\n<p class=\"has-text-color\" style=\"color:#000000;font-size:17px\">Ya sea que se trate de una empresa que busca proteger su informaci\u00f3n cr\u00edtica o de un particular que desea rescatar sus recuerdos m\u00e1s preciados, el servicio de recuperaci\u00f3n de datos es una inversi\u00f3n que vale la pena. No subestimes la importancia de tus datos; aseg\u00farate de tener un plan de recuperaci\u00f3n en su lugar. Al final del d\u00eda, se trata de proteger lo que realmente importa.<\/p>\n<\/div>\n\n\n\n<div class=\"wp-block-column is-vertically-aligned-center is-layout-flow wp-block-column-is-layout-flow\" style=\"flex-basis:33%\">\n<figure class=\"wp-block-image size-large\"><img decoding=\"async\" width=\"1024\" height=\"683\" src=\"https:\/\/www.fontun.com\/wp-content\/uploads\/2025\/04\/markus-spiske-iar-afB0QQw-unsplash-1024x683.jpg\" alt=\"\" class=\"wp-image-170\" srcset=\"https:\/\/www.fontun.com\/wp-content\/uploads\/2025\/04\/markus-spiske-iar-afB0QQw-unsplash-1024x683.jpg 1024w, https:\/\/www.fontun.com\/wp-content\/uploads\/2025\/04\/markus-spiske-iar-afB0QQw-unsplash-300x200.jpg 300w, https:\/\/www.fontun.com\/wp-content\/uploads\/2025\/04\/markus-spiske-iar-afB0QQw-unsplash-768x512.jpg 768w, https:\/\/www.fontun.com\/wp-content\/uploads\/2025\/04\/markus-spiske-iar-afB0QQw-unsplash-1536x1024.jpg 1536w, https:\/\/www.fontun.com\/wp-content\/uploads\/2025\/04\/markus-spiske-iar-afB0QQw-unsplash-2048x1365.jpg 2048w\" sizes=\"(max-width: 1024px) 100vw, 1024px\" \/><\/figure>\n<\/div>\n<\/div>\n<\/div>\n<\/div>\n","protected":false},"excerpt":{"rendered":"<p>Preservando Recuerdos y Tomando Decisiones Clave Recuperaci\u00f3n de Datos En un mundo cada vez m\u00e1s digital, nuestros datos se han [&hellip;]<\/p>\n","protected":false},"author":1,"featured_media":0,"parent":0,"menu_order":0,"comment_status":"closed","ping_status":"closed","template":"","meta":{"_uag_custom_page_level_css":"","site-sidebar-layout":"default","site-content-layout":"","ast-site-content-layout":"default","site-content-style":"default","site-sidebar-style":"default","ast-global-header-display":"","ast-banner-title-visibility":"","ast-main-header-display":"","ast-hfb-above-header-display":"","ast-hfb-below-header-display":"","ast-hfb-mobile-header-display":"","site-post-title":"","ast-breadcrumbs-content":"","ast-featured-img":"","footer-sml-layout":"","theme-transparent-header-meta":"","adv-header-id-meta":"","stick-header-meta":"","header-above-stick-meta":"","header-main-stick-meta":"","header-below-stick-meta":"","astra-migrate-meta-layouts":"default","ast-page-background-enabled":"default","ast-page-background-meta":{"desktop":{"background-color":"var(--ast-global-color-5)","background-image":"","background-repeat":"repeat","background-position":"center center","background-size":"auto","background-attachment":"scroll","background-type":"","background-media":"","overlay-type":"","overlay-color":"","overlay-opacity":"","overlay-gradient":""},"tablet":{"background-color":"","background-image":"","background-repeat":"repeat","background-position":"center center","background-size":"auto","background-attachment":"scroll","background-type":"","background-media":"","overlay-type":"","overlay-color":"","overlay-opacity":"","overlay-gradient":""},"mobile":{"background-color":"","background-image":"","background-repeat":"repeat","background-position":"center center","background-size":"auto","background-attachment":"scroll","background-type":"","background-media":"","overlay-type":"","overlay-color":"","overlay-opacity":"","overlay-gradient":""}},"ast-content-background-meta":{"desktop":{"background-color":"var(--ast-global-color-4)","background-image":"","background-repeat":"repeat","background-position":"center center","background-size":"auto","background-attachment":"scroll","background-type":"","background-media":"","overlay-type":"","overlay-color":"","overlay-opacity":"","overlay-gradient":""},"tablet":{"background-color":"var(--ast-global-color-4)","background-image":"","background-repeat":"repeat","background-position":"center center","background-size":"auto","background-attachment":"scroll","background-type":"","background-media":"","overlay-type":"","overlay-color":"","overlay-opacity":"","overlay-gradient":""},"mobile":{"background-color":"var(--ast-global-color-4)","background-image":"","background-repeat":"repeat","background-position":"center center","background-size":"auto","background-attachment":"scroll","background-type":"","background-media":"","overlay-type":"","overlay-color":"","overlay-opacity":"","overlay-gradient":""}},"footnotes":""},"class_list":["post-166","page","type-page","status-publish","hentry"],"uagb_featured_image_src":{"full":false,"thumbnail":false,"medium":false,"medium_large":false,"large":false,"1536x1536":false,"2048x2048":false},"uagb_author_info":{"display_name":"admin","author_link":"https:\/\/www.fontun.com\/index.php\/author\/admin\/"},"uagb_comment_info":0,"uagb_excerpt":"Preservando Recuerdos y Tomando Decisiones Clave Recuperaci\u00f3n de Datos En un mundo cada vez m\u00e1s digital, nuestros datos se han [&hellip;]","_links":{"self":[{"href":"https:\/\/www.fontun.com\/index.php\/wp-json\/wp\/v2\/pages\/166","targetHints":{"allow":["GET"]}}],"collection":[{"href":"https:\/\/www.fontun.com\/index.php\/wp-json\/wp\/v2\/pages"}],"about":[{"href":"https:\/\/www.fontun.com\/index.php\/wp-json\/wp\/v2\/types\/page"}],"author":[{"embeddable":true,"href":"https:\/\/www.fontun.com\/index.php\/wp-json\/wp\/v2\/users\/1"}],"replies":[{"embeddable":true,"href":"https:\/\/www.fontun.com\/index.php\/wp-json\/wp\/v2\/comments?post=166"}],"version-history":[{"count":2,"href":"https:\/\/www.fontun.com\/index.php\/wp-json\/wp\/v2\/pages\/166\/revisions"}],"predecessor-version":[{"id":171,"href":"https:\/\/www.fontun.com\/index.php\/wp-json\/wp\/v2\/pages\/166\/revisions\/171"}],"wp:attachment":[{"href":"https:\/\/www.fontun.com\/index.php\/wp-json\/wp\/v2\/media?parent=166"}],"curies":[{"name":"wp","href":"https:\/\/api.w.org\/{rel}","templated":true}]}}